 -3*p + d - 26 = 3*d, -5*d + 1 = 2*p. Let v be (-12)/(-8) - p/(-8). Suppose h - 4*g - 18 = 20, v = -5*g. What is the units digit of h?
8
Let x(d) = -d - 1. Let a(p) = 6*p - 2. Let o(f) = -a(f) - 3*x(f). Let u be o(1). Suppose -u*y + 50 + 6 = b, 4*y + 5*b - 124 = 0. What is the units digit of y?
6
Suppose 137*b - 52*b - 584545 = 0. What is the thousands digit of b?
6
Suppose -6*w = 18192 - 152088. What is the units digit of w?
6
Let r(p) = 3*p**2 + 149*p + 1872. Let n be r(-11). Let t be 2 + -1 + (3 - 2). Suppose -5*c = -3*w - 734, 6*c = t*c - 2*w + n. What is the units digit of c?
8
Suppose f - 20164 - 68699 = -3*s, 2*f = -4*s + 118484. What is the ten thousands digit of s?
2
Suppose -4*b + 8 = 5*h, 5*h + b + b - 14 = 0. Suppose -14 = -h*j + 74. Let z = j - -77. What is the units digit of z?
9
Let m(j) = -j**2 - 28*j - 27. Let i be m(-21). Let r = -87 + i. What is the units digit of 6/r + 1545/33?
7
Let x be 318/9 + 5 - (-2)/3. Suppose 10*t = x*t - 10633. What is the tens digit of t?
4
Let k = 65123 + -36424. What is the ten thousands digit of k?
2
Let o(s) = 120*s + 8059. Let n(c) = -24*c - 1613. Let j(m) = -11*n(m) - 2*o(m). What is the thousands digit of j(0)?
1
Suppose -15 = -3*m, -3766 = 2*u - 25*m + 27*m. What is the hundreds digit of u/(-3) - (-6)/(-18)?
6
Suppose -15064 = 24*u - 38*u. Let q = 2335 - u. What is the thousands digit of q?
1
Suppose 9*i - 7479 = -0*i. Let k = -491 + i. What is the tens digit of k?
4
Suppose -20*l + u + 115036 = -15*l, 0 = 4*l - 2*u - 92030. What is the ten thousands digit of l?
2
What is the tens digit of 1340/2345 - (-1)/((-14)/(-779288))?
6
Let x be (-12046)/(-95)*2*5. Suppose 3*i - 2*j = 7*i - 2504, 2*i - x = 3*j. What is the units digit of i?
8
What is the units digit of (-7 + 8490/12)/((-3)/(-72))?
2
Let g be (6/12)/((-1)/6). Let r be 4/(-7)*(g + (-565)/10). Suppose 6*i + r = 8*i. What is the tens digit of i?
1
Let p(k) = 0*k**2 + 58 - 13*k - 18*k + k**2 + 13*k. What is the units digit of p(17)?
1
Suppose -20 + 209 = -3*f. Let h = 182 + f. Let t = 163 - h. What is the units digit of t?
4
Suppose -27*u + 23*u = 936. Let t = u - -343. Let f = t + 1. What is the units digit of f?
0
Let u = -44 + 46. Suppose -9 = -l - t, 3*t - 17 = u*l - 2*t. Suppose -2*k - l*k + 504 = 0. What is the units digit of k?
4
Let f(u) = -u**3 + 10*u**2 - 9*u + 5. Let m be f(9). Suppose m*p + 130 = 1490. Suppose -8*t + p = -4*t. What is the units digit of t?
8
Let f(u) = u**3 + 21*u**2 + 69*u + 20. Let m be f(-17). Suppose 2*q + 2*q = -m*w + 1039, -1322 = -5*q + 4*w. What is the hundreds digit of q?
2
Let g be 2/6*(-6)/4*0. Let t(z) = -15*z + 104. What is the tens digit of t(g)?
0
Let g be 810/(-20)*1886/3. What is the hundreds digit of (-2)/(-10) - (6 - g/(-45))?
5
Suppose -23*r - 23*r + 349784 = 0. What is the thousands digit of r?
7
Suppose -5*y + 89 = s, 0 = -4*y + 4*s - 3*s + 64. Let l(f) = f**2 + 6*f + 17. What is the hundreds digit of l(y)?
4
Let j be ((-4)/4 - 3)*(-2)/4. Let m be (j/(-2))/1*(2 + -2). What is the units digit of (96/3 - 1) + m?
1
Suppose -o - 12*z + 8*z = -6, -2*z = 3*o - 8. Suppose -5*q + o*n + 9528 - 1650 = 0, -2*q + 3147 = -5*n. What is the tens digit of q?
7
Let a be 2062/(-6) - 9*3/81. Let o = 283 - a. What is the units digit of o?
7
Let j(x) = x**2 - 9*x + 17. Let a be j(9). Suppose -a*h = -10*h - 9940. What is the units digit of h?
0
Let d(w) = -w + 43. Let h be d(11). Let r = h - 30. Suppose b + 763 = r*y + 3*y, -y + 3*b + 161 = 0. What is the units digit of y?
2
Let j(z) = 25*z**2 - 42*z + 184. What is the thousands digit of j(24)?
3
Let d = -1898 - -2882. Let h = 1902 - d. What is the hundreds digit of h?
9
Let n(q) = 2*q**2 + 58*q + 60. Let l be n(-28). Suppose l*b - 1805 = 30*j - 29*j, 0 = 2*b + 2*j - 890. What is the hundreds digit of b?
4
Let b = 325 + -323. Suppose 2*o = 2*v + 1074, -b*o = -19*v + 15*v - 1074. What is the hundreds digit of o?
5
Suppose 0 = -5*q + 2*n + 1748, 0 = -4*q - n - 2*n + 1380. Let h(x) = -2*x**2 + 30*x - 273. Let w be h(12). Let f = q + w. What is the units digit of f?
7
Suppose 608*w - 629*w = -607446. What is the ten thousands digit of w?
2
Suppose -17*b = 172 - 512. What is the units digit of 3177/6 - (-30)/b?
1
Let v be 1/9*-3 + (-14552)/(-6). Suppose -v = -7*g - 143. What is the units digit of g?
6
Let s(c) = -2*c**3 - 4*c**2 + 4*c - 4. Let a be s(-3). Suppose 3496 = 5*q + a*l, 0 = q - 0*q + 2*l - 696. What is the hundreds digit of q?
7
Let l(p) = -p**3 + 13*p**2 + 13*p + 3. Let d = 78 - 67. What is the hundreds digit of l(d)?
3
Let w(v) = -55*v - 23. Let f be w(10). What is the units digit of (7/((-42)/4))/(2/f)?
1
Suppose 138*l - 11437659 - 17074 + 357739 = 0. What is the thousands digit of l?
0
Suppose -84*g = -23966 - 88846. What is the units digit of g?
3
Let z = 30580 + 4123. What is the units digit of z?
3
Suppose 36*n = -12021876 + 4541544. What is the hundreds digit of (-4)/7 + n/(-329)?
6
Let s be -1 + 92 + (-24)/3 + 7. Suppose 4*i + 109 = 7*i + p, -5*p + s = 2*i. What is the tens digit of i?
3
Suppose -12*i + 8*i = -5*r + 33540, -3*r = -2*i - 20122. What is the thousands digit of r?
6
Let k be 2/8 - (-240)/64. Suppose -2*x + 196 = -k*x. Let m = 25 - x. What is the tens digit of m?
2
Suppose 5*c - 6547 = 17053. What is the hundreds digit of c?
7
Suppose -5*d + 83290 = 3*q, 22*d - 17*d = 3*q + 83290. What is the thousands digit of d?
6
Let a(x) = 1335*x**3 - 7*x**2 + 6*x - 4. What is the thousands digit of a(2)?
0
Let y(o) = 6*o - 48. Let m be y(7). Let k(n) be the third derivative of n**5/20 - n**4/2 + 13*n**3/6 - 2*n**2. What is the units digit of k(m)?
3
Let g(o) = 40*o**3 - 7*o**2 + 10*o - 14. Let k be g(4). Suppose -k = -2*a - 2*v, a + 16*v = 14*v + 1238. What is the tens digit of a?
3
Suppose 0 = -4*m + c - 0*c + 55, -15 = 5*c. Suppose 0 = -4*d - 106 + 190. Suppose 184 = d*t - m*t. What is the tens digit of t?
2
Let n(i) = -i**2 + i + 11. Let d be n(5). Let k be (5 + d)/(2/(-110)). What is the tens digit of (k/12)/(3/18)?
1
What is the thousands digit of (6 - 231/49)*1631?
2
Suppose 26*w = -38*w + 151424. What is the hundreds digit of w?
3
Let x(o) = -23*o**3 + 4*o**2 - 9*o - 5. What is the hundreds digit of x(-6)?
1
Suppose -r = -3*x - 713 - 873, 3*r = -5*x + 4702. Suppose r = 2*d - 384. What is the tens digit of d?
7
Suppose -36 + 18 = -6*b. Let i(u) = 95*u + 23. What is the units digit of i(b)?
8
Let o(s) = 2*s**2 + 12*s + 18. Let x be -2 + 0 + -3 + -3. Let d be o(x). What is the tens digit of 151/3 + (d/15)/5?
5
Let n = -440 - 107. What is the tens digit of n/(1*9/(-27))?
4
Let x = -394 + 394. Suppose 2*h + 4*f - 2*f = 458, x = -3*h + 2*f + 707. What is the units digit of h?
3
Let y(r) = r**3 - 5*r**2 - 6*r - 2. Let n be y(6). Let z be (2/(-3))/(3*n/27). What is the units digit of -138*((-12)/8)/z?
9
Suppose 0 = u + 3*l + 3256 - 13661, -u - 2*l + 10405 = 0. What is the tens digit of u?
0
Let q(i) = i**3 - 5*i**2 - 15*i + 13. Let x be q(7). Let y(d) = -4 + 20*d + 19 - 1. What is the units digit of y(x)?
4
Let v be (11 + (-570)/20)*(-4)/5. Suppose -10*f + v*f - 2416 = 4*r, 5*f + 4*r = 3056. What is the hundreds digit of f?
6
What is the thousands digit of 102/(-306)*(-74328)/1?
4
Let i be (-1*(-2 + 2))/(-2). Let p(w) = 29*w + 4. Let v be p(4). Suppose 23*r - 20*r - v = i. What is the tens digit of r?
4
Suppose 2*l = -10, -6*y + 4*y + 2*l = -42. Suppose -2 = 5*i + s - 4*s, 4*s - y = 0. What is the hundreds digit of 5*54 + -3*(i + -1)?
2
Let i be -4 + 5 + (-10)/(-2) - 3. Suppose -4*t + 262 = -i*t - 4*s, 12 = 4*s. What is the units digit of t?
4
Suppose -271*t + 2178475 = -7452323. What is the thousands digit of t?
5
Let l be (1 - (-20)/(-12))/((-4)/144). Let k = l + 526. What is the units digit of k?
0
Suppose -268172 = -104*d + 752692. What is the units digit of d?
6
Let w = -59807 - -94158. What is the tens digit of w?
5
Let o be 124/(-248)*(-3)/((-3)/344). Let s = o + 228. What is the units digit of s?
6
Suppose -4*o + u = 74, 0 = o - 2*o - u - 16. Let g(k) = -k**2 - 40*k - 13. What is the units digit of g(o)?
3
Suppose 0 = 8*m - 12*m, -2*w + 2*m = -12898. What is the thousands digit of w?
6
Suppose j + 1629 = -7. What is the tens digit of 1/(4904/j - -3)?
0
Suppose 2*n - 22 = -5*w, 2*w - 5*n + 1 = 4. Suppose -j = 3*q - w*q + 131, 4*j = 5*